{"id":1246,"date":"2024-09-03T23:23:07","date_gmt":"2024-09-03T23:23:07","guid":{"rendered":"https:\/\/kachavasuperfoods.com\/?post_type=product&#038;p=1246"},"modified":"2024-10-02T04:17:57","modified_gmt":"2024-10-02T04:17:57","slug":"polvo-de-cafe-verde-venta-al-por-mayor-pedidos-a-granel-listo-para-venta-al-por-menor-envio-gratis","status":"publish","type":"product","link":"https:\/\/kachavasuperfoods.com\/index.php\/product\/polvo-de-cafe-verde-venta-al-por-mayor-pedidos-a-granel-listo-para-venta-al-por-menor-envio-gratis\/","title":{"rendered":"Polvo de Caf\u00e9 Verde | Venta al por Mayor | Pedidos a Granel | Listo para Venta al por Menor | Env\u00edo Gratis"},"content":{"rendered":"<p>Polvo de Caf\u00e9 Verde | Mayorista | Proveedor de Polvo de Caf\u00e9 Verde | Vendedor de Polvo de Caf\u00e9 Verde a Granel<\/p>\n<p>\ud83c\udf3f 1 paquete de 907 g ($104.74 USD)<br \/>\n\ud83c\udf3f 2 paquetes de 907 g ($154.26 USD)<br \/>\n\ud83c\udf3f 20 paquetes de 100 g ($9.24 USD por paquete)<br \/>\n\ud83c\udf3f 50 paquetes de 100 g ($7.24 USD por paquete)<br \/>\n\ud83c\udf3f 85 paquetes de 100 g ($6.73 USD por paquete)<br \/>\n\ud83c\udf3f 135 paquetes de 100 g ($6.40 USD por paquete)<\/p>\n<p>\ud83d\udcb2 Precio Minorista Sugerido: $14.90<\/p>\n<p>Polvo de Caf\u00e9 Verde<br \/>\nDescubre los beneficios naturales de nuestro Polvo de Caf\u00e9 Verde 100% Puro. Perfecto para potenciar tus batidos matutinos, realzar productos horneados y a\u00f1adir un suave impulso de energ\u00eda a tus recetas favoritas, este polvo es rico en antioxidantes que apoyan el control de peso y el bienestar general. El caf\u00e9 verde es conocido por sus \u00e1cidos clorog\u00e9nicos, que ayudan a acelerar el metabolismo y mantener niveles saludables de az\u00facar en la sangre, convirti\u00e9ndolo en una excelente adici\u00f3n a tu rutina diaria.<\/p>\n<p>\ud83c\udf79 Uso Sugerido: Mezcla 5 g en tu batido o bebida, o incorpora 1\/2 taza en tus recetas de reposter\u00eda, como barras energ\u00e9ticas, muffins o panqueques, para un impulso nutritivo y energizante.<\/p>\n<p>\ud83d\udce6 \u00bfCu\u00e1nto tiempo tarda el env\u00edo?<\/p>\n<p>Procesamos tu producto fresco desde Per\u00fa, de la cosecha m\u00e1s reciente, asegurando que recibas productos frescos y potentes. El env\u00edo puede tardar entre 5-10 d\u00edas a trav\u00e9s de DHL Express.<\/p>\n<p>\ud83c\udf0e Aseg\u00farate de que la direcci\u00f3n de entrega sea correcta antes de completar tu pedido. Incluye tu n\u00famero de tel\u00e9fono y correo electr\u00f3nico para usar con el servicio de mensajer\u00eda. No podemos aceptar responsabilidad por la demora o p\u00e9rdida de un paquete cuando se hayan proporcionado detalles de entrega incorrectos o incompletos. Las aduanas de tu pa\u00eds pueden imponer tarifas adicionales por compras que excedan lo que se considera uso personal o por encima de cierto valor (m\u00e1s de $800 USD para EE.UU.). Cada pa\u00eds puede variar ligeramente. Como vendedor, no somos responsables de ninguna tarifa adicional que te puedan cobrar al ingresar a tu regi\u00f3n.<\/p>\n","protected":false},"excerpt":{"rendered":"<p>Polvo de Caf\u00e9 Verde | Mayorista | Proveedor de Polvo de Caf\u00e9 Verde | Vendedor de Polvo de Caf\u00e9 Verde a Granel \ud83c\udf3f 1 paquete de 907 g ($104.74 USD) \ud83c\udf3f 2 paquetes de 907 g ($154.26 USD) \ud83c\udf3f 20 paquetes de 100 g ($9.24 USD por paquete) \ud83c\udf3f 50 paquetes de 100 g ($7.24 [&hellip;]<\/p>\n","protected":false},"featured_media":1384,"comment_status":"open","ping_status":"closed","template":"","meta":{"_et_pb_use_builder":"","_et_pb_old_content":"","_et_gb_content_width":""},"product_brand":[],"product_cat":[26],"product_tag":[],"class_list":{"0":"post-1246","1":"product","2":"type-product","3":"status-publish","4":"has-post-thumbnail","6":"product_cat-superfood-powders","8":"first","9":"instock","10":"shipping-taxable","11":"purchasable","12":"product-type-variable"},"jetpack_sharing_enabled":true,"_links":{"self":[{"href":"https:\/\/kachavasuperfoods.com\/index.php\/wp-json\/wp\/v2\/product\/1246","targetHints":{"allow":["GET"]}}],"collection":[{"href":"https:\/\/kachavasuperfoods.com\/index.php\/wp-json\/wp\/v2\/product"}],"about":[{"href":"https:\/\/kachavasuperfoods.com\/index.php\/wp-json\/wp\/v2\/types\/product"}],"replies":[{"embeddable":true,"href":"https:\/\/kachavasuperfoods.com\/index.php\/wp-json\/wp\/v2\/comments?post=1246"}],"wp:featuredmedia":[{"embeddable":true,"href":"https:\/\/kachavasuperfoods.com\/index.php\/wp-json\/wp\/v2\/media\/1384"}],"wp:attachment":[{"href":"https:\/\/kachavasuperfoods.com\/index.php\/wp-json\/wp\/v2\/media?parent=1246"}],"wp:term":[{"taxonomy":"product_brand","embeddable":true,"href":"https:\/\/kachavasuperfoods.com\/index.php\/wp-json\/wp\/v2\/product_brand?post=1246"},{"taxonomy":"product_cat","embeddable":true,"href":"https:\/\/kachavasuperfoods.com\/index.php\/wp-json\/wp\/v2\/product_cat?post=1246"},{"taxonomy":"product_tag","embeddable":true,"href":"https:\/\/kachavasuperfoods.com\/index.php\/wp-json\/wp\/v2\/product_tag?post=1246"}],"curies":[{"name":"wp","href":"https:\/\/api.w.org\/{rel}","templated":true}]}}